*g - 27*g. What is the remainder when 238 is divided by d(-1)?
14
Let r(l) = 5*l**2 - 107*l - 882. What is the remainder when r(-7) is divided by 36?
4
What is the remainder when 363 is divided by 16359/665 + ((-14)/(-10) - 1)?
13
Suppose 2*l - 73 = -b, 4*l + 0*b - 147 = -3*b. Let j(i) = i**2 - i - 23. Let k be j(-7). Let w = k - 20. Calculate the remainder when l is divided by w.
10
Suppose -4*z = -3*f + 504, f + 9*z - 4*z - 187 = 0. Let m = f + -148. Calculate the remainder when 89 is divided by m.
17
Suppose -4*i + 2478 = 20*s - 17*s, 6 = -3*s. What is the remainder when i is divided by 174?
99
Let r = -25292 + 32394. What is the remainder when r is divided by 187?
183
Suppose 5900 + 114959 = 96*k - 53285. Calculate the remainder when k is divided by 101.
97
What is the remainder when 3 - -2*97/3*36 is divided by 81?
63
Let l = -5903 - -6165. Calculate the remainder when l is divided by 121.
20
Suppose -53 = -l - 6. Let j = -57 + 61. Calculate the remainder when l is divided by (j/(6 + -2))/((-4)/(-68)).
13
Let w(v) = 127*v - 131*v + 28 - 21 + 6*v**2. What is the remainder when w(2) is divided by 2?
1
Suppose 2*w - 2*f - 225 = -49, 0 = -5*f + 25. Let d = w - 49. Let m = d - 29. What is the remainder when 44 is divided by m?
14
Suppose -10198*x + 10210*x = 9540. What is the remainder when x is divided by 57?
54
Suppose -1105*r + 795 = -1110*r. Let t = r - -173. Calculate the remainder when 24 is divided by t.
10
Let w = -59 - -45. Let m = 20 + w. Let z = -60 + 70. Calculate the remainder when z is divided by m.
4
Suppose 0*v = -6*v. Suppose 5*c - 7*c - 10 = v. What is the remainder when 288/40 + 0 + 1/c is divided by 4?
3
Let u = -12 - -33. Suppose 3*x - 918 = u. What is the remainder when x is divided by 63?
61
Let c(b) = b**3 + 8*b**2 - 51*b - 4. Calculate the remainder when 350 is divided by c(-12).
30
Let j = 239 + -121. Suppose 0*d = -29*d + 348. What is the remainder when j is divided by d?
10
Let x = -63 - -77. Let a(w) = -2*w**3 - 24*w**2 - 4*w + 20. Calculate the remainder when a(-12) is divided by x.
12
Let j be (-1 + 4/12)*1251/6. Let f = j + 192. What is the remainder when 155 is divided by f?
49
Suppose -16*y = 3*y + 57. Calculate the remainder when y + (-1614)/(-15) + (-4)/(-10) is divided by 22.
17
Let i be 8/28 + 99/21. Suppose 0*m = 2*m - 684. Suppose i*w + 4*h - m = 65, 386 = 5*w - 3*h. What is the remainder when w is divided by 28?
23
Let p(k) = 3*k**2 - 354*k + 2063. Calculate the remainder when (372/(-8))/(1/(-6)) is divided by p(6).
44
Let u = -316 - -636. Suppose -u = -3*z - f, 0*z + 3*f = 4*z - 444. Let y = -40 + z. Calculate the remainder when y is divided by 10.
8
Let j(m) = -3 + 747*m - 743*m + 8*m**3 - m**2 - m**2. Calculate the remainder when 30 is divided by j(1).
2
Suppose -8 + 20 = 2*z. Suppose 15 = 3*g, 2*x + 30 - z = 2*g. Let u(d) = -d**2 - 7*d + 6. Calculate the remainder when 47 is divided by u(x).
5
Suppose 0 = 3*o - r - 91584, -11*o = -8*o + 3*r - 91560. Calculate the remainder when o is divided by 212.
210
Calculate the remainder when 18/33 + 7 + 2751315/231 is divided by 45.
38
Suppose 2*i - 31 = -3*o, 5*o = -3*i + 2*i - 2. Let p = 69 + -68. Calculate the remainder when i is divided by (-1 + 6)/p + 58/58.
5
Let a(m) = m**3 + 10*m**2 - 2*m - 14. Let i be a(-9). What is the remainder when ((-45)/25)/((-3)/i) is divided by 21?
9
Let h = 266 + -177. Suppose -2*q - 2*k + 71 = 73, -5*k = 25. Suppose -q*g - 3*w = -88, g + 13 - 12 = 5*w. Calculate the remainder when h is divided by g.
13
Let l be (-258)/21 + (-6)/(-21). Let h be 4/(1 + (-22)/26). Let r = h + l. Calculate the remainder when r is divided by 5.
4
Suppose r + 192 = 3*x + x, 48 = x - 5*r. Suppose x = 2*p + 2*b, -2*b = -4*p - 33 + 153. Calculate the remainder when 52 is divided by p.
24
Let j(g) = 1 - 3 + 6 + 2*g. Let d = 108 - 70. Calculate the remainder when d is divided by j(3).
8
Let w(a) = 16*a - 9 - 42 - 2*a. Calculate the remainder when 64 is divided by w(6).
31
Let w = -156901 + 156907. Let n = 5 + -2. Suppose 0*x - n*x + 114 = 0. What is the remainder when x is divided by w?
2
Let k = -9781 + 13365. What is the remainder when k is divided by 39?
35
Calculate the remainder when 1619 is divided by 483/18 - (-84)/504.
26
Calculate the remainder when 1790 is divided by (-5 - -7)*(2 - -20).
30
Let v = -312 - -335. Suppose -i + 2*n + 234 = -v, 3*n - 735 = -3*i. Calculate the remainder when i is divided by 21.
18
Let w = -39 - -59. Let c(t) = -4 + 15*t + 7*t - 1075*t**2 + 1074*t**2. Calculate the remainder when 69 is divided by c(w).
33
Let z(l) = -l**2 - 9*l + 52. What is the remainder when 1010/4 + (-2)/(0 - 4) is divided by z(-12)?
13
Suppose 0 = t + 8*j - 4*j + 1, -5*t = j - 33. Suppose -t*p + 17*p = 2200. What is the remainder when p is divided by 60?
40
Let k = -86 + 41. Let f = k - -54. Let w(p) = 4*p + 15. Calculate the remainder when 98 is divided by w(f).
47
Let h = 93 + -61. Let v(j) = j**3 + 75*j**2 - 60*j + 1238. What is the remainder when h is divided by v(-76)?
10
Let d(c) = c**2 + 21*c - 22. Let j(z) = -2*z - 48. Let h be j(-12). Calculate the remainder when d(h) is divided by 17.
16
Let u = -60 + 60. Suppose -5*f - 4*t + 842 = 0, -3*f + 500 = -u*f + 5*t. Suppose 60 = 5*l - f. What is the remainder when l is divided by 18?
10
What is the remainder when 789 is divided by ((-1075)/(-20))/(110/44)*6?
15
Let l be 6/8 - 2*3653/(-104). Calculate the remainder when 110 - l - (-1 + 0) is divided by 14.
12
Let f(s) = 8*s**2. Suppose -4*a + 26 = -6*u, 5*a - 90*u + 88*u - 49 = 0. What is the remainder when a is divided by f(1)?
3
Let d(x) = -x + 7. Let l(h) = -h + 1. Let s(a) = d(a) - 6*l(a). Calculate the remainder when (1/2)/(13/1066) is divided by s(2).
8
Suppose -n - 42*o + 146 = -47*o, -2*o = -3*n + 425. Calculate the remainder when n is divided by 44.
9
Let m = -51 + 59. Suppose m*a - 351 = -55. What is the remainder when 294 is divided by a?
35
Let f be -15 + 11 - 1*-15. Suppose -f*z = -6*z - 105. Suppose o - 5 = -m, -5*m + 55 = -0*m - 5*o. What is the remainder when z is divided by m?
5
Suppose -2*m - 12 = -s, 3*s + 2*m = -3*m - 8. Calculate the remainder when 242 is divided by 2*(140/98)/(s/49).
32
Calculate the remainder when 3170 is divided by (-11)/(539/(-7819)) + (-4)/7.
149
Let s be 6*((-21)/(-6) + 3/(-2)). Suppose 140 = -5*z + s*z. Calculate the remainder when 37 is divided by z.
17
Suppose 20*d - 5*k = 18*d + 154, 300 = 3*d + 4*k. What is the remainder when 378 is divided by d?
10
Calculate the remainder when 924 + -6 + 400/(-20) is divided by 445.
8
Let g(m) = 3*m**2 + 49*m - 33. Suppose 20 = -5*o, o = -3*v + 5*o + 2059. Calculate the remainder when v is divided by g(-18).
54
Let b be (-3)/(-2) + ((-1590)/(-4))/(-3). Let t = -102 - b. What is the remainder when 434 is divided by t?
28
Let v(p) = -65*p + 376. Let t(h) = 5*h**3 - 3*h - 3. What is the remainder when t(4) is divided by v(5)?
50
Let w be -3*((-3)/(-9))/(-1). Let r = 6765 - 6762. Calculate the remainder when -3*(w - 2/1) is divided by r.
0
Calculate the remainder when 37 is divided by (960/2240)/((-1)/(-7)).
1
Let o = -16 - -18. Let t(r) = -6*r - 3*r**2 + r + 5*r**o - 13 + 0*r**2. Calculate the remainder when t(-3) is divided by 11.
9
Let l = 101 - 93. Let w be (3 - 18/l)*(5 + -1). Suppose 0 = z + 2*f - 9, 0 = z - 2*f - w*f - 30. What is the remainder when 41 is divided by z?
11
Let h be 5 + (-14 - -3) + 2. Let r(m) = -35*m - 81. Calculate the remainder when r(h) is divided by 20.
19
Let s be 1542/10 - (-14)/(-70). Let t = -130 + s. Suppose -3*q + 75 = t. Calculate the remainder when 83 is divided by q.
15
Suppose -j - 5*w = -9*w - 320, -4*w + 8 = 0. Calculate the remainder when j is divided by 107.
7
Calculate the remainder when 2417 is divided by 3065/70 - 36/(-168).
41
Suppose -108*d - 249 = -2*m - 105*d, 127 = m - d. What is the remainder when 394 is divided by m?
130
Suppose -5*h + 1283 = -2*o, 5*h + 5*o - 1085 = 170. Calculate the remainder when h is divided by ((-65)/4)/((-45)/180).
60
Let b(q) = q**2 - 28*q - 569. What is the remainder when 1628 is divided by b(42)?
13
Let k(m) = 15*m - 88. Suppose 5*w + 62 = 3*g, 7*w - 77 = -4*g + 8*w. Calculate the remainder when k(g) is divided by 41.
33
Calculate the remainder when 785 is divided by 7598/18 + 81/(-